lse
Let u = 9263 + 32276. Is u prime?
True
Let x = -6558 - -18844. Is (21/(-14))/((-3)/x) prime?
True
Let l = -361 - -366. Suppose 2*o = 3*o + l*m - 6167, -m = -o + 6155. Is o composite?
True
Let g = -80859 + 115463. Suppose -4*j - 4*c + 13108 = -g, 4*j + 2*c - 47702 = 0. Is j composite?
False
Suppose -11*u + 93140 = -371. Is u a prime number?
True
Is -1*((-176)/16 - 230640) composite?
True
Let m(i) = i**3 - 6*i**2 - 6*i - 15. Let s be m(6). Let v be s/(-18) + 5/30. Suppose -2*p + 5*d - 539 = -v*p, 5*p + 3*d = 2761. Is p prime?
False
Suppose 0*x + 5*k - 1568 = x, -2*k + 3120 = -2*x. Suppose -6054 = -2*t + 5*v, t - 3157 = -v - 144. Let g = x + t. Is g prime?
True
Suppose -128720 = -3*o - 2*i + 108627, 2*i = -2*o + 158236. Is o a prime number?
True
Let h(t) = 172*t + 19. Let d be h(5). Suppose 2*i = 4*f + 346, 11*i - 6*i - 3*f - d = 0. Is i a prime number?
False
Let t(b) = -2003*b**3 - 3*b**2 - 10*b - 43. Is t(-5) a prime number?
True
Let l(t) = t**3 - t**2 + 9*t + 21557. Is l(0) composite?
False
Is -6 - 9 - -10 - 411*-54 a composite number?
False
Let y = -78 - -84. Suppose 717 = -y*t + 10923. Suppose 0 = 11*h - 3656 - t. Is h a prime number?
True
Suppose 2335*v - p = 2338*v - 304881, 3*p - 508135 = -5*v. Is v prime?
True
Suppose 0 = -37*v + 21*v + 622384. Is v prime?
False
Let w(a) = -182*a - 25. Let h(p) = -183*p - 25. Let d(r) = 2*h(r) - 3*w(r). Is d(8) composite?
True
Let l = 72 - 86. Is (-6)/(0 + 3)*144151/l composite?
False
Suppose -4800*v = -4803*v + 1657041. Is v prime?
False
Let o = -626806 - -1789989. Is o prime?
False
Is -8 + 8 + 8/((-24)/(-44949)) a prime number?
True
Let x be 220/(-30)*9/(-6). Suppose x*l - 10592 = 7415. Is l a composite number?
False
Let x(r) = 33*r**2 + 100*r + 296. Is x(-39) prime?
True
Suppose 4*k - 2423 + 383 = 0. Suppose 0 = 4*l + 3*n - 2*n - 3211, n = -l + 802. Let x = l - k. Is x a composite number?
False
Suppose 65*o - 47517 = -69*o + 131*o. Is o prime?
False
Suppose 4*l - 6*v - 1943124 = -4*v, -32 = 4*v. Is l a composite number?
False
Let m(i) = -5769*i - 1691. Is m(-10) prime?
False
Let g be (-24)/28*(-14)/(-10)*-5. Is (1590/(-212))/(g/(-148)) a composite number?
True
Is 651571 - ((-6)/(-9)*-12 - -8) a composite number?
True
Suppose 0*n + 2*n + 4 = -4*b, -2*b = 0. Let v be ((-7)/(42/(-4)))/(n/591). Let l = v - -346. Is l a composite number?
False
Suppose 0 = -5*u - 2*q - q + 303, -2*q + 2 = 0. Let p = -59 + u. Is (p - (-4)/2) + (1406 - 28) a prime number?
True
Let s = 41090 + -20274. Let w = s + -11998. Is w a composite number?
True
Let s(i) = -4*i + 37. Let o be s(13). Is (-2)/o + 1598/(-510) - -910 a prime number?
True
Let u be 11/((-77)/(-63)) - (-3)/(-1). Suppose 3*b + 6 = u*b. Suppose y - b*l - 553 = 0, 4 = -5*l + l. Is y a composite number?
True
Suppose 4*v + 9 = -v + 2*b, v = 2*b - 5. Let u be 214/(v - 105/(-95)). Suppose q = -3*c + u, 3*q + 1354 = 2*c + 4*q. Is c prime?
False
Suppose 4*z + d - 1858 = 4450, z + 4*d = 1592. Let j = 19 - z. Let o = j - -2594. Is o a composite number?
True
Let x(l) = -2333*l - 324. Is x(-25) prime?
False
Let s be (-342 - 2)/(-4) - 8. Suppose 0 = 72*y - s*y + 6684. Is y a composite number?
True
Suppose x + 4*h = 15, -4*x - 6 = -8*x + 2*h. Suppose -o + 3*o = -x*o. Is -1 - (o + 318)*(0 - 1) composite?
False
Let r be ((-366)/(-42) + -7)*(0 + 35). Is ((-142640)/r)/(8/(-18)) a composite number?
True
Suppose 0 = -152*g + 155*g - 36. Suppose g*u - 6963 = 27081. Is u prime?
True
Let l(c) = 2*c**3 + 13*c**2 + 7*c - 4. Let q be l(-6). Is 2/q + (-400)/(-125) + 4003 a prime number?
False
Let b(f) = f**3 - 3*f**2 + 2*f - 19. Let t be b(4). Suppose -m + 4*m + 79646 = 2*n, 0 = 2*n - t*m - 79646. Is n a composite number?
True
Suppose 0 = -5*y - y + 36. Suppose 5*g - 2*i = -6*i + y, 4*g + 3*i - 5 = 0. Suppose 1036 = 2*v + g*v. Is v a prime number?
False
Let t(u) = 483*u**2 - 1055*u + 15. Is t(13) composite?
False
Let h(l) = -36*l + 43. Let w = -41 - -33. Is h(w) prime?
True
Suppose -5*b = -22242 - 26775 - 23578. Is b a composite number?
False
Suppose -4*c = -r - 4 - 4, 3*c = 5*r - 11. Suppose -c*y = -2*j - 3223, -3*j = -y + j + 1061. Let b = y + -524. Is b a prime number?
False
Let w be -6*(-2)/12 - 2. Is ((-1162)/(-4) - w)*(-70 - -72) composite?
True
Suppose l = -4*u + 4 - 2, 0 = -u - 4*l + 8. Suppose u*k = -5*k + 15. Suppose -k*p - 30 + 123 = 0. Is p composite?
False
Let p(h) = 331*h - 16. Let n(d) = -165*d + 9. Let o(i) = -5*n(i) - 2*p(i). Is o(12) prime?
False
Suppose 19*k = 16*k + 45. Let l(q) = 25*q**2 - 3*q - 65. Is l(k) a prime number?
False
Let d = 37 + -32. Let b be (4/5)/4 + 2004/d. Let o = b - 70. Is o composite?
False
Suppose -21*d = -29*d + 51800. Suppose -12*n = -d - 6017. Is n prime?
False
Let t be -2 - (3 + (-2 - -4)). Is (-124)/434 - 12217/t prime?
False
Let o(s) = -2186*s + 3. Suppose -2*n - 3*k = -0 - 7, 4*n + 2*k = -6. Is o(n) prime?
True
Is ((2 + -3)*3)/(90/(-2710590)) composite?
False
Let t = -535013 - -778248. Is t composite?
True
Let m(y) = -y**2 - 28*y + 99. Let f be m(-31). Let h be 84/8*(-8)/(-6). Is ((-21)/h)/(f/(-220)) a prime number?
False
Let y(f) = -f**3 + 52*f**2 - 24*f - 71. Is y(48) composite?
False
Let u be -1 - ((-5)/(-3))/((-2)/6). Suppose -40736 = 2*s - u*s - h, 3*s - 61111 = 2*h. Is s composite?
False
Let j = 100 - 97. Suppose 2*u = -j*r + 3, -r = -u - 3*u + 13. Is 1 - (-2890 + (-8)/(12/u)) a composite number?
True
Suppose -3*j = 4*u + 808 - 10146, 3*u - 7014 = 3*j. Let k be (-4)/(6 + (-322)/49). Suppose 9 = 2*o + k, u = n + 3*o. Is n a prime number?
True
Suppose 0 = -10*v + 4*v + 8*v - 119762. Is v composite?
True
Suppose 13*m = 16*m - 9. Suppose -2*n = 9 + m. Let o(y) = -116*y - 5. Is o(n) a composite number?
False
Let r(h) = 0 + 128*h - 1 - 126*h + 17. Let j be r(-6). Is 1778*(-3)/(-24)*j a prime number?
False
Let o = 272248 - 172725. Is o prime?
True
Suppose -142381 = -6*t + 20957. Suppose 10206 + t = 7*r. Is r composite?
False
Suppose 0 = -97*i - 40*i + 2856313. Is i composite?
False
Suppose -5*o = j - 7860, 3*j + o - 15720 = j. Suppose 0 = -4*i + 2*i + 18. Is j/i - 2 - 3/9 a composite number?
True
Let l = -127149 + 179639. Is l/4 - (-10)/20 a composite number?
True
Is 77251/(-7)*-3 + 4/(-7) prime?
True
Let n = 6832 - 11056. Let b = -1765 - n. Is b composite?
False
Suppose -22*g + 591912 = -35704. Suppose -f = -9*f + g. Is f prime?
False
Suppose -2*v + 4*t + 536 = -4*v, 4*v - 5*t + 1059 = 0. Let i = 178 + v. Let z = -21 - i. Is z a composite number?
False
Let l be (-4 - 2 - -9) + 0. Suppose -5*m + 4361 = -3*f, 2*m + 869 = l*m + f. Is m prime?
False
Suppose 372*x = 115*x + 77960693. Is x a composite number?
True
Let u(g) = 2*g**2 + 8*g + 9. Let h(z) = -2*z**2 - 9*z - 10. Let b(o) = 4*h(o) + 3*u(o). Let j be b(12). Let s = 752 + j. Is s composite?
False
Is (2872888/(-24))/(12/(-36)) a composite number?
False
Let v(w) = 47*w**2 + 4. Let r(o) = 7*o**2 - 7*o + 7. Let j be r(1). Is v(j) composite?
True
Suppose 4*j + 18 = -5*t, 5*j - t + 20 = -6*t. Let k be (20/3)/(j/3). Is (-392)/(-6) - (2 + k/6) a composite number?
True
Let w be ((-76)/20 + 3)*5. Let j be -35*(w + 72/15). Is (698/(-3))/(j/126) a composite number?
True
Let i(s) = 695*s**2 + 161*s - 235. Is i(14) a prime number?
True
Let g(s) = 1488*s + 91. Let a = -395 - -401. Is g(a) prime?
False
Suppose 5*i - 177079 = a, 71148 - 248215 = -5*i + 3*a. Is i prime?
False
Let r be (-1)/9 + (-90356)/(-126). Suppose -r = 2*n - 2963. Is n a composite number?
False
Let u(z) = -z**2 + 6*z + 27. Let y = 23 - 15. Let i be u(y). Suppose i*r - 17*r = -1554. Is r a prime number?
False
Suppose -5*d - 2*a + 12736803 = 0, d + 22*a = 17*a + 2547356. Is d a prime number?
True
Let x(h) = 7 - 2 - 5*h - 5*h**2 - 3342*h**3 + 3*h**2 + 7*h + 2*h. Is x(-1) a composite number?
True
Let r(b) = 179*b**2 + 41*b - 75. Is r(9) a prime number?
False
Is (-2)/4*(-10 - (169824 + 9 + -17)) prime?
True
Suppose -3*t = 5*s - 1300703, 0 = 2*s + 4*t - 197674 - 322624. Is s a prime number?
True
Suppose -776111 - 282534 - 12534867 = -76*i. Is i a composite number?
True
Let b(l) = 21*l**3 - 13*l**2 + 80*l + 1. Is b(16) a prime number?
True
Suppose -755454 = 25*d - 16093979. Is d a prime number?
False
Suppose -6*p + 0*p = -78. Let q be (0 + p)/((-6)/(-822)). Suppose 0*l = -2*l - 3*z + q, l - z = 898. Is l prime?
False
Suppose 2*f = 2*m